{"id":14376,"date":"2022-05-16T07:12:09","date_gmt":"2022-05-16T07:12:09","guid":{"rendered":"https:\/\/www.q-jobs.at\/?page_id=14376"},"modified":"2026-04-07T08:23:06","modified_gmt":"2026-04-07T08:23:06","slug":"jutta-steiner","status":"publish","type":"page","link":"https:\/\/staging.q-jobs.at\/cms\/wer-wir-sind\/jutta-steiner\/","title":{"rendered":"Jutta Steiner"},"content":{"rendered":"<div class=\"wpb-content-wrapper\"><p>[vc_row][vc_column width=&#8220;1\/1&#8243;][vc_row_inner limit_content=&#8220;&#8220;][vc_column_inner column_width_percent=&#8220;100&#8243; gutter_size=&#8220;3&#8243; overlay_alpha=&#8220;50&#8243; shift_x=&#8220;0&#8243; shift_y=&#8220;0&#8243; shift_y_down=&#8220;0&#8243; z_index=&#8220;0&#8243; medium_width=&#8220;0&#8243; mobile_width=&#8220;0&#8243; width=&#8220;2\/3&#8243; uncode_shortcode_id=&#8220;187039&#8243;][vc_custom_heading uncode_shortcode_id=&#8220;108317&#8243; subheading=&#8220;Mitarbeiterin im Back Office&#8220;]Jutta Steiner[\/vc_custom_heading][uncode_list uncode_shortcode_id=&#8220;464335&#8243;]<\/p>\n<ul>\n<li>Zahlenaffiner Lohnverrechnungsprofi mit jahrelanger Erfahrung<\/li>\n<li>Absoluter Teamplayer die f\u00fcr jeden ein offenes Ohr hat<\/li>\n<li>L\u00f6wenmutter die f\u00fcr Ihre beiden T\u00f6chter alles gibt<\/li>\n<li>Schuhgesch\u00e4fte entwickeln eine magnetische Anziehungskraft f\u00fcr sie<\/li>\n<li>Verf\u00fcgt \u00fcber einen ausgepr\u00e4gten Ordnungssinn der ab und zu in Perfektionismus ausartet<\/li>\n<li>Liebt St\u00e4dtetrips mit kulinarischen Highlights<\/li>\n<li>Humorvoll und immer bereit f\u00fcr lange Gespr\u00e4che<\/li>\n<\/ul>\n<p>[\/uncode_list][vc_empty_space empty_h=&#8220;2&#8243;][vc_custom_heading uncode_shortcode_id=&#8220;880118&#8243;]Was unser Team an ihr sch\u00e4tzt[\/vc_custom_heading][vc_column_text uncode_shortcode_id=&#8220;170389&#8243;]Unser Ruhepol, ist immer Ausgeglichen, der freundlichste Mensch, den wir alle kennen.<br \/>\nEgal was bei ihr los ist \u2013 sie hat hat immer ein offenes Ohr f\u00fcr ihre Kollegen, arbeitet super genau und gewissenhaft, ist f\u00fcr jeden Spa\u00df zu haben.<br \/>\nJongliert mit Zahlen a la cirque du soleil.[\/vc_column_text][\/vc_column_inner][vc_column_inner column_width_percent=&#8220;100&#8243; gutter_size=&#8220;3&#8243; style=&#8220;dark&#8220; back_color=&#8220;color-149936&#8243; overlay_alpha=&#8220;50&#8243; radius=&#8220;xl&#8220; shift_x=&#8220;0&#8243; shift_y=&#8220;0&#8243; shift_y_down=&#8220;0&#8243; shift_y_down_fixed=&#8220;yes&#8220; z_index=&#8220;0&#8243; medium_width=&#8220;0&#8243; mobile_width=&#8220;0&#8243; width=&#8220;1\/3&#8243; uncode_shortcode_id=&#8220;185889&#8243; back_color_type=&#8220;uncode-palette&#8220;][vc_single_image media=&#8220;20995&#8243; media_width_percent=&#8220;100&#8243; shape=&#8220;img-round&#8220; radius=&#8220;xl&#8220; uncode_shortcode_id=&#8220;654867&#8243;][vc_custom_heading uncode_shortcode_id=&#8220;323645&#8243;]Kontakt[\/vc_custom_heading][vc_column_text uncode_shortcode_id=&#8220;216040&#8243; css=&#8220;.vc_custom_1652685227649{margin-top: 10px !important;}&#8220;]<a href=\"&#116;&#x65;&#108;&#x3a;+&#x34;3&#51;&#x36;&#49;&#x32;&#50;&#x34;3&#x39;0\">&#43;&#x34;&#x33; &#51;&#x36;&#x31;2&#32;&#x32;4&#32;&#x33;&#x39;0<\/a><br \/>\n<a href=\"&#x6d;&#x61;&#x69;&#108;&#116;o:&#x6c;&#x6f;&#x68;&#x6e;&#118;&#101;rr&#x65;&#x63;&#x68;&#110;&#117;&#110;g&#64;&#x71;&#x2d;&#x6a;&#111;&#98;s&#46;&#x61;&#x74;\">E&#45;&#x4d;&#x61;i&#108;&#32;&#x73;&#x65;n&#100;&#x65;&#x6e;<\/a>[\/vc_column_text][vc_icon position=&#8220;left&#8220; space_reduced=&#8220;yes&#8220; display=&#8220;inline&#8220; icon=&#8220;fa fa-linkedin&#8220; uncode_shortcode_id=&#8220;143352&#8243; link=&#8220;url:https%3A%2F%2Fat.linkedin.com%2Fcompany%2Fq-jobs-personalmanagement-gmbh&#8220;][\/vc_icon][vc_icon position=&#8220;left&#8220; display=&#8220;inline&#8220; icon=&#8220;fa fa-xing&#8220; uncode_shortcode_id=&#8220;269609&#8243; link=&#8220;url:%23&#8243;][\/vc_icon][\/vc_column_inner][\/vc_row_inner][\/vc_column][\/vc_row]<\/p>\n<\/div>","protected":false},"excerpt":{"rendered":"<p><em>Mitarbeiterin im Back Office<\/em><\/p>\n<p>Jutta h\u00e4lt alle F\u00e4den zusammen. Als R\u00fcckgrat von Q JOBS sorgt sie daf\u00fcr, dass Prozesse reibungslos laufen \u2013 damit das Team sich voll auf Kandidat:innen und Partnerunternehmen konzentrieren kann.<\/p>\n","protected":false},"author":1,"featured_media":20995,"parent":7,"menu_order":20,"comment_status":"closed","ping_status":"closed","template":"","meta":{"inline_featured_image":false,"footnotes":""},"class_list":["post-14376","page","type-page","status-publish","has-post-thumbnail","hentry"],"yoast_head":"<!-- This site is optimized with the Yoast SEO plugin v27.3 - https:\/\/yoast.com\/product\/yoast-seo-wordpress\/ -->\n<title>Jutta Steiner - Q-JOBS - Personalmanagement GmbH<\/title>\n<meta name=\"robots\" content=\"index, follow, max-snippet:-1, max-image-preview:large, max-video-preview:-1\" \/>\n<link rel=\"canonical\" href=\"https:\/\/staging.q-jobs.at\/cms\/wer-wir-sind\/jutta-steiner\/\" \/>\n<meta property=\"og:locale\" content=\"de_DE\" \/>\n<meta property=\"og:type\" content=\"article\" \/>\n<meta property=\"og:title\" content=\"Jutta Steiner - Q-JOBS - Personalmanagement GmbH\" \/>\n<meta property=\"og:description\" content=\"Mitarbeiterin im Back Office Jutta h\u00e4lt alle F\u00e4den zusammen. Als R\u00fcckgrat von Q JOBS sorgt sie daf\u00fcr, dass Prozesse reibungslos laufen \u2013 damit das Team sich voll auf Kandidat:innen und Partnerunternehmen konzentrieren kann.\" \/>\n<meta property=\"og:url\" content=\"https:\/\/staging.q-jobs.at\/cms\/wer-wir-sind\/jutta-steiner\/\" \/>\n<meta property=\"og:site_name\" content=\"Q-JOBS - Personalmanagement GmbH\" \/>\n<meta property=\"article:publisher\" content=\"https:\/\/www.facebook.com\/Q-Jobs-Personalmanagement-GmbH-100863122192982\" \/>\n<meta property=\"article:modified_time\" content=\"2026-04-07T08:23:06+00:00\" \/>\n<meta property=\"og:image\" content=\"https:\/\/staging.q-jobs.at\/cms\/wp-content\/uploads\/2024\/09\/q-jobs-jutta-steiner.jpg\" \/>\n\t<meta property=\"og:image:width\" content=\"800\" \/>\n\t<meta property=\"og:image:height\" content=\"800\" \/>\n\t<meta property=\"og:image:type\" content=\"image\/jpeg\" \/>\n<meta name=\"twitter:card\" content=\"summary_large_image\" \/>\n<meta name=\"twitter:label1\" content=\"Gesch\u00e4tzte Lesezeit\" \/>\n\t<meta name=\"twitter:data1\" content=\"2\u00a0Minuten\" \/>\n<script type=\"application\/ld+json\" class=\"yoast-schema-graph\">{\"@context\":\"https:\\\/\\\/schema.org\",\"@graph\":[{\"@type\":\"WebPage\",\"@id\":\"https:\\\/\\\/staging.q-jobs.at\\\/cms\\\/wer-wir-sind\\\/jutta-steiner\\\/\",\"url\":\"https:\\\/\\\/staging.q-jobs.at\\\/cms\\\/wer-wir-sind\\\/jutta-steiner\\\/\",\"name\":\"Jutta Steiner - Q-JOBS - Personalmanagement GmbH\",\"isPartOf\":{\"@id\":\"https:\\\/\\\/staging.q-jobs.at\\\/cms\\\/#website\"},\"primaryImageOfPage\":{\"@id\":\"https:\\\/\\\/staging.q-jobs.at\\\/cms\\\/wer-wir-sind\\\/jutta-steiner\\\/#primaryimage\"},\"image\":{\"@id\":\"https:\\\/\\\/staging.q-jobs.at\\\/cms\\\/wer-wir-sind\\\/jutta-steiner\\\/#primaryimage\"},\"thumbnailUrl\":\"https:\\\/\\\/staging.q-jobs.at\\\/cms\\\/wp-content\\\/uploads\\\/2024\\\/09\\\/q-jobs-jutta-steiner.jpg\",\"datePublished\":\"2022-05-16T07:12:09+00:00\",\"dateModified\":\"2026-04-07T08:23:06+00:00\",\"breadcrumb\":{\"@id\":\"https:\\\/\\\/staging.q-jobs.at\\\/cms\\\/wer-wir-sind\\\/jutta-steiner\\\/#breadcrumb\"},\"inLanguage\":\"de\",\"potentialAction\":[{\"@type\":\"ReadAction\",\"target\":[\"https:\\\/\\\/staging.q-jobs.at\\\/cms\\\/wer-wir-sind\\\/jutta-steiner\\\/\"]}]},{\"@type\":\"ImageObject\",\"inLanguage\":\"de\",\"@id\":\"https:\\\/\\\/staging.q-jobs.at\\\/cms\\\/wer-wir-sind\\\/jutta-steiner\\\/#primaryimage\",\"url\":\"https:\\\/\\\/staging.q-jobs.at\\\/cms\\\/wp-content\\\/uploads\\\/2024\\\/09\\\/q-jobs-jutta-steiner.jpg\",\"contentUrl\":\"https:\\\/\\\/staging.q-jobs.at\\\/cms\\\/wp-content\\\/uploads\\\/2024\\\/09\\\/q-jobs-jutta-steiner.jpg\",\"width\":800,\"height\":800},{\"@type\":\"BreadcrumbList\",\"@id\":\"https:\\\/\\\/staging.q-jobs.at\\\/cms\\\/wer-wir-sind\\\/jutta-steiner\\\/#breadcrumb\",\"itemListElement\":[{\"@type\":\"ListItem\",\"position\":1,\"name\":\"Startseite\",\"item\":\"https:\\\/\\\/staging.q-jobs.at\\\/cms\\\/\"},{\"@type\":\"ListItem\",\"position\":2,\"name\":\"Wer wir sind\",\"item\":\"https:\\\/\\\/staging.q-jobs.at\\\/cms\\\/wer-wir-sind\\\/\"},{\"@type\":\"ListItem\",\"position\":3,\"name\":\"Jutta Steiner\"}]},{\"@type\":\"WebSite\",\"@id\":\"https:\\\/\\\/staging.q-jobs.at\\\/cms\\\/#website\",\"url\":\"https:\\\/\\\/staging.q-jobs.at\\\/cms\\\/\",\"name\":\"Q-JOBS - Personalmanagement GmbH\",\"description\":\"Ihr Partner f&uuml;r Karriereschritte und HR-Erfolg\",\"publisher\":{\"@id\":\"https:\\\/\\\/staging.q-jobs.at\\\/cms\\\/#organization\"},\"potentialAction\":[{\"@type\":\"SearchAction\",\"target\":{\"@type\":\"EntryPoint\",\"urlTemplate\":\"https:\\\/\\\/staging.q-jobs.at\\\/cms\\\/?s={search_term_string}\"},\"query-input\":{\"@type\":\"PropertyValueSpecification\",\"valueRequired\":true,\"valueName\":\"search_term_string\"}}],\"inLanguage\":\"de\"},{\"@type\":\"Organization\",\"@id\":\"https:\\\/\\\/staging.q-jobs.at\\\/cms\\\/#organization\",\"name\":\"Q-Jobs Personalmanagement GmbH\",\"url\":\"https:\\\/\\\/staging.q-jobs.at\\\/cms\\\/\",\"logo\":{\"@type\":\"ImageObject\",\"inLanguage\":\"de\",\"@id\":\"https:\\\/\\\/staging.q-jobs.at\\\/cms\\\/#\\\/schema\\\/logo\\\/image\\\/\",\"url\":\"https:\\\/\\\/staging.q-jobs.at\\\/cms\\\/wp-content\\\/uploads\\\/2021\\\/07\\\/q-jobs-quer.svg\",\"contentUrl\":\"https:\\\/\\\/staging.q-jobs.at\\\/cms\\\/wp-content\\\/uploads\\\/2021\\\/07\\\/q-jobs-quer.svg\",\"width\":283,\"height\":148,\"caption\":\"Q-Jobs Personalmanagement GmbH\"},\"image\":{\"@id\":\"https:\\\/\\\/staging.q-jobs.at\\\/cms\\\/#\\\/schema\\\/logo\\\/image\\\/\"},\"sameAs\":[\"https:\\\/\\\/www.facebook.com\\\/Q-Jobs-Personalmanagement-GmbH-100863122192982\",\"https:\\\/\\\/www.instagram.com\\\/q.jobs.personalmanagement\\\/\",\"https:\\\/\\\/at.linkedin.com\\\/company\\\/q-jobs-personalmanagement-gmbh\"]}]}<\/script>\n<!-- \/ Yoast SEO plugin. -->","yoast_head_json":{"title":"Jutta Steiner - Q-JOBS - Personalmanagement GmbH","robots":{"index":"index","follow":"follow","max-snippet":"max-snippet:-1","max-image-preview":"max-image-preview:large","max-video-preview":"max-video-preview:-1"},"canonical":"https:\/\/staging.q-jobs.at\/cms\/wer-wir-sind\/jutta-steiner\/","og_locale":"de_DE","og_type":"article","og_title":"Jutta Steiner - Q-JOBS - Personalmanagement GmbH","og_description":"Mitarbeiterin im Back Office Jutta h\u00e4lt alle F\u00e4den zusammen. Als R\u00fcckgrat von Q JOBS sorgt sie daf\u00fcr, dass Prozesse reibungslos laufen \u2013 damit das Team sich voll auf Kandidat:innen und Partnerunternehmen konzentrieren kann.","og_url":"https:\/\/staging.q-jobs.at\/cms\/wer-wir-sind\/jutta-steiner\/","og_site_name":"Q-JOBS - Personalmanagement GmbH","article_publisher":"https:\/\/www.facebook.com\/Q-Jobs-Personalmanagement-GmbH-100863122192982","article_modified_time":"2026-04-07T08:23:06+00:00","og_image":[{"width":800,"height":800,"url":"https:\/\/staging.q-jobs.at\/cms\/wp-content\/uploads\/2024\/09\/q-jobs-jutta-steiner.jpg","type":"image\/jpeg"}],"twitter_card":"summary_large_image","twitter_misc":{"Gesch\u00e4tzte Lesezeit":"2\u00a0Minuten"},"schema":{"@context":"https:\/\/schema.org","@graph":[{"@type":"WebPage","@id":"https:\/\/staging.q-jobs.at\/cms\/wer-wir-sind\/jutta-steiner\/","url":"https:\/\/staging.q-jobs.at\/cms\/wer-wir-sind\/jutta-steiner\/","name":"Jutta Steiner - Q-JOBS - Personalmanagement GmbH","isPartOf":{"@id":"https:\/\/staging.q-jobs.at\/cms\/#website"},"primaryImageOfPage":{"@id":"https:\/\/staging.q-jobs.at\/cms\/wer-wir-sind\/jutta-steiner\/#primaryimage"},"image":{"@id":"https:\/\/staging.q-jobs.at\/cms\/wer-wir-sind\/jutta-steiner\/#primaryimage"},"thumbnailUrl":"https:\/\/staging.q-jobs.at\/cms\/wp-content\/uploads\/2024\/09\/q-jobs-jutta-steiner.jpg","datePublished":"2022-05-16T07:12:09+00:00","dateModified":"2026-04-07T08:23:06+00:00","breadcrumb":{"@id":"https:\/\/staging.q-jobs.at\/cms\/wer-wir-sind\/jutta-steiner\/#breadcrumb"},"inLanguage":"de","potentialAction":[{"@type":"ReadAction","target":["https:\/\/staging.q-jobs.at\/cms\/wer-wir-sind\/jutta-steiner\/"]}]},{"@type":"ImageObject","inLanguage":"de","@id":"https:\/\/staging.q-jobs.at\/cms\/wer-wir-sind\/jutta-steiner\/#primaryimage","url":"https:\/\/staging.q-jobs.at\/cms\/wp-content\/uploads\/2024\/09\/q-jobs-jutta-steiner.jpg","contentUrl":"https:\/\/staging.q-jobs.at\/cms\/wp-content\/uploads\/2024\/09\/q-jobs-jutta-steiner.jpg","width":800,"height":800},{"@type":"BreadcrumbList","@id":"https:\/\/staging.q-jobs.at\/cms\/wer-wir-sind\/jutta-steiner\/#breadcrumb","itemListElement":[{"@type":"ListItem","position":1,"name":"Startseite","item":"https:\/\/staging.q-jobs.at\/cms\/"},{"@type":"ListItem","position":2,"name":"Wer wir sind","item":"https:\/\/staging.q-jobs.at\/cms\/wer-wir-sind\/"},{"@type":"ListItem","position":3,"name":"Jutta Steiner"}]},{"@type":"WebSite","@id":"https:\/\/staging.q-jobs.at\/cms\/#website","url":"https:\/\/staging.q-jobs.at\/cms\/","name":"Q-JOBS - Personalmanagement GmbH","description":"Ihr Partner f&uuml;r Karriereschritte und HR-Erfolg","publisher":{"@id":"https:\/\/staging.q-jobs.at\/cms\/#organization"},"potentialAction":[{"@type":"SearchAction","target":{"@type":"EntryPoint","urlTemplate":"https:\/\/staging.q-jobs.at\/cms\/?s={search_term_string}"},"query-input":{"@type":"PropertyValueSpecification","valueRequired":true,"valueName":"search_term_string"}}],"inLanguage":"de"},{"@type":"Organization","@id":"https:\/\/staging.q-jobs.at\/cms\/#organization","name":"Q-Jobs Personalmanagement GmbH","url":"https:\/\/staging.q-jobs.at\/cms\/","logo":{"@type":"ImageObject","inLanguage":"de","@id":"https:\/\/staging.q-jobs.at\/cms\/#\/schema\/logo\/image\/","url":"https:\/\/staging.q-jobs.at\/cms\/wp-content\/uploads\/2021\/07\/q-jobs-quer.svg","contentUrl":"https:\/\/staging.q-jobs.at\/cms\/wp-content\/uploads\/2021\/07\/q-jobs-quer.svg","width":283,"height":148,"caption":"Q-Jobs Personalmanagement GmbH"},"image":{"@id":"https:\/\/staging.q-jobs.at\/cms\/#\/schema\/logo\/image\/"},"sameAs":["https:\/\/www.facebook.com\/Q-Jobs-Personalmanagement-GmbH-100863122192982","https:\/\/www.instagram.com\/q.jobs.personalmanagement\/","https:\/\/at.linkedin.com\/company\/q-jobs-personalmanagement-gmbh"]}]}},"_links":{"self":[{"href":"https:\/\/staging.q-jobs.at\/cms\/wp-json\/wp\/v2\/pages\/14376","targetHints":{"allow":["GET"]}}],"collection":[{"href":"https:\/\/staging.q-jobs.at\/cms\/wp-json\/wp\/v2\/pages"}],"about":[{"href":"https:\/\/staging.q-jobs.at\/cms\/wp-json\/wp\/v2\/types\/page"}],"author":[{"embeddable":true,"href":"https:\/\/staging.q-jobs.at\/cms\/wp-json\/wp\/v2\/users\/1"}],"replies":[{"embeddable":true,"href":"https:\/\/staging.q-jobs.at\/cms\/wp-json\/wp\/v2\/comments?post=14376"}],"version-history":[{"count":9,"href":"https:\/\/staging.q-jobs.at\/cms\/wp-json\/wp\/v2\/pages\/14376\/revisions"}],"predecessor-version":[{"id":166609,"href":"https:\/\/staging.q-jobs.at\/cms\/wp-json\/wp\/v2\/pages\/14376\/revisions\/166609"}],"up":[{"embeddable":true,"href":"https:\/\/staging.q-jobs.at\/cms\/wp-json\/wp\/v2\/pages\/7"}],"wp:featuredmedia":[{"embeddable":true,"href":"https:\/\/staging.q-jobs.at\/cms\/wp-json\/wp\/v2\/media\/20995"}],"wp:attachment":[{"href":"https:\/\/staging.q-jobs.at\/cms\/wp-json\/wp\/v2\/media?parent=14376"}],"curies":[{"name":"wp","href":"https:\/\/api.w.org\/{rel}","templated":true}]}}